{"id":9311,"date":"2025-10-28T14:39:48","date_gmt":"2025-10-28T14:39:48","guid":{"rendered":"https:\/\/www.dojo-gilg.com\/?page_id=9311"},"modified":"2025-10-28T21:04:04","modified_gmt":"2025-10-28T21:04:04","slug":"sylvie-clade","status":"publish","type":"page","link":"https:\/\/www.dojo-gilg.com\/?page_id=9311","title":{"rendered":"Sylvie Clad\u00e9"},"content":{"rendered":"<div class=\"wp-block-image\">\n<figure class=\"alignleft size-full is-resized\"><a href=\"https:\/\/www.dojo-gilg.com\/wp-content\/uploads\/2025\/10\/Sans-titre-2.png\"><img fetchpriority=\"high\" decoding=\"async\" width=\"310\" height=\"485\" src=\"https:\/\/www.dojo-gilg.com\/wp-content\/uploads\/2025\/10\/Sans-titre-2.png\" alt=\"\" class=\"wp-image-9317\" style=\"width:208px;height:auto\" srcset=\"https:\/\/www.dojo-gilg.com\/wp-content\/uploads\/2025\/10\/Sans-titre-2.png 310w, https:\/\/www.dojo-gilg.com\/wp-content\/uploads\/2025\/10\/Sans-titre-2-192x300.png 192w\" sizes=\"(max-width: 310px) 100vw, 310px\" \/><\/a><\/figure>\n<\/div>\n\n\n<div class=\"wp-block-group\"><div class=\"wp-block-group__inner-container is-layout-constrained wp-block-group-is-layout-constrained\">\n<p class=\"has-black-color has-text-color has-link-color has-small-font-size wp-elements-31b9ccbec15b51a4080d8090eb949cad\">J&rsquo;ai d\u00e9couvert le <strong>TAI CHI CHUAN<\/strong> avec Christian BERNAPEL de 1994-1997.<\/p>\n<\/div><\/div>\n\n\n\n<p class=\"has-small-font-size\">Plus tard, j\u2019ai d\u00e9couvert le <strong>QI GONG<\/strong> et la M\u00e9ditation gr\u00e2ce \u00e0 Marie PEREZ.<\/p>\n\n\n\n<p class=\"has-small-font-size\">A partir de 2016, j\u2019ai eu la chance de faire plusieurs stages de <strong>QI GONG<\/strong> aupr\u00e8s de Song ARUN.<\/p>\n\n\n\n<p class=\"has-small-font-size\">En 2018, une amie m\u2019a chaleureusement conseill\u00e9 l\u2019Association <em>l\u2019Ep\u00e9e comme un Pinceau<\/em>, o\u00f9 j\u2019ai pu suivre avec bonheur les cours de TAI CHI et QI GONG de Philippe KRIEG, de Sophie GILG et de St\u00e9phane LANZ, compl\u00e9mentaires, enrichissants et stimulants.<\/p>\n\n\n\n<p class=\"has-small-font-size\">J\u2019appr\u00e9cie le dynamisme de l\u2019Association qui favorise les stages avec des intervenants de qualit\u00e9&nbsp;dont j\u2019ai pu suivre les enseignements&nbsp;: Olivier SCHUH, Yan Li WANG (Nei Yang Gong), Ma\u00eetre Deming LIU et Patrick POTTIER (Ziran Qi Gong).<\/p>\n\n\n\n<p class=\"has-small-font-size\">Chaque rencontre apporte des exp\u00e9riences nouvelles et enrichit mon voyage int\u00e9rieur&nbsp;: la pratique de certains mouvements peut faire \u00e9merger des \u00e9motions insoup\u00e7onn\u00e9es et c\u2019est cette part d\u2019impr\u00e9vu qui rend le <strong>QI GONG<\/strong> si fascinant \u00e0 mes yeux.<\/p>\n\n\n\n<p class=\"has-small-font-size\">Ressentir un sentiment d\u2019alignement, c\u2019est-\u00e0-dire un \u00e9quilibre entre le mental et le physique, \u00e0 travers le Souffle universel, m\u2019apporte de la paix int\u00e9rieure.<\/p>\n\n\n\n<p class=\"has-small-font-size\">Enseigner \u00e0 mon tour est une fa\u00e7on d\u2019exprimer ma gratitude envers mes ma\u00eetres et de partager ce que j\u2019ai appris gr\u00e2ce \u00e0 eux.<\/p>\n\n\n\n<p class=\"has-small-font-size\">Gratitude infinie \u00e0 Sophie pour son soutien et sa confiance, son aide ainsi que celle de Philippe pour la pr\u00e9paration du 1<sup>er<\/sup> DUAN de QI GONG que j\u2019ai obtenu en juin 2025.<\/p>\n\n\n\n<p><\/p>\n\n\n\n<p><\/p>\n","protected":false},"excerpt":{"rendered":"<p>J&rsquo;ai d\u00e9couvert le TAI CHI CHUAN avec Christian BERNAPEL de 1994-1997. Plus tard, j\u2019ai d\u00e9couvert le QI GONG et la M\u00e9ditation gr\u00e2ce \u00e0 Marie PEREZ. A partir de 2016, j\u2019ai eu la chance de faire plusieurs stages de QI GONG &hellip; <a href=\"https:\/\/www.dojo-gilg.com\/?page_id=9311\">Lire la suite\u00ad\u00ad<\/a><\/p>\n","protected":false},"author":1,"featured_media":9312,"parent":0,"menu_order":0,"comment_status":"closed","ping_status":"closed","template":"","meta":{"jetpack_post_was_ever_published":false,"footnotes":""},"class_list":["post-9311","page","type-page","status-publish","has-post-thumbnail","hentry"],"jetpack_sharing_enabled":true,"jetpack_shortlink":"https:\/\/wp.me\/P5G1Fx-2qb","_links":{"self":[{"href":"https:\/\/www.dojo-gilg.com\/index.php?rest_route=\/wp\/v2\/pages\/9311","targetHints":{"allow":["GET"]}}],"collection":[{"href":"https:\/\/www.dojo-gilg.com\/index.php?rest_route=\/wp\/v2\/pages"}],"about":[{"href":"https:\/\/www.dojo-gilg.com\/index.php?rest_route=\/wp\/v2\/types\/page"}],"author":[{"embeddable":true,"href":"https:\/\/www.dojo-gilg.com\/index.php?rest_route=\/wp\/v2\/users\/1"}],"replies":[{"embeddable":true,"href":"https:\/\/www.dojo-gilg.com\/index.php?rest_route=%2Fwp%2Fv2%2Fcomments&post=9311"}],"version-history":[{"count":7,"href":"https:\/\/www.dojo-gilg.com\/index.php?rest_route=\/wp\/v2\/pages\/9311\/revisions"}],"predecessor-version":[{"id":9333,"href":"https:\/\/www.dojo-gilg.com\/index.php?rest_route=\/wp\/v2\/pages\/9311\/revisions\/9333"}],"wp:featuredmedia":[{"embeddable":true,"href":"https:\/\/www.dojo-gilg.com\/index.php?rest_route=\/wp\/v2\/media\/9312"}],"wp:attachment":[{"href":"https:\/\/www.dojo-gilg.com\/index.php?rest_route=%2Fwp%2Fv2%2Fmedia&parent=9311"}],"curies":[{"name":"wp","href":"https:\/\/api.w.org\/{rel}","templated":true}]}}